+ 2*q = 44. What are the prime factors of x?
2, 17
Suppose -69195 = 60*n - 9*n - 911562. What are the prime factors of n?
83, 199
Let x(y) = 12*y**3 - 7*y**2 - 66*y + 11. List the prime factors of x(10).
10651
What are the prime factors of -95 + 10138 + 30/2?
2, 47, 107
Let p = -447 - -448. What are the prime factors of (-49)/(-35)*38 + p/(-5)?
53
Let c = 413 - 412. List the prime factors of (19 + c)*6*(-90)/(-135).
2, 5
Let u(r) = -1059*r + 29. Let s be u(-4). Suppose s = 6*j - 17869. Suppose 413 = 14*k - j. What are the prime factors of k?
293
Let i be ((-548)/5)/(2/(-10)). Suppose 4*c - 2*j - j = 0, -3*c = -4*j. Suppose c = -3*z + i - 149. List the prime factors of z.
7, 19
Let l(r) = 21*r**3 - 5*r**2 - 3. Let d be l(5). Suppose -734 = -55*h + 256. Suppose -h*j + d = -7*j. List the prime factors of j.
227
Let l(d) = 6954*d**3 + 3*d**2. List the prime factors of l(1).
3, 773
Let g(o) = -5*o**3 + 2*o**2 + 2*o + 7. Let n be -1 + 4/(-1 - 3). List the prime factors of g(n).
3, 17
Suppose -3*k + 6*k - 81 = -2*g, -4*g = 3*k - 171. Let z = 17 + -2. List the prime factors of z/(-2)*(-288)/g.
2, 3
Suppose 6*q + 67 = -383. Suppose w + 3*w + 1492 = 4*v, 4*w + 5*v = -1465. What are the prime factors of (-9)/(-5 + w/q)?
3, 5
Let c(b) = 1227*b**2 - 2*b + 1. Suppose 294*v - 285*v = 9. What are the prime factors of c(v)?
2, 613
Let s = -95 + 100. Let f be ((-9)/s)/((-39)/1690). Let m = f - 33. List the prime factors of m.
3, 5
Suppose -7*x = -x - 11743 - 13055. What are the prime factors of x?
4133
Suppose 2*y + 784 = 2*p, -19*y + 1952 = 5*p - 20*y. What are the prime factors of p + 0 + (-37 - -32)?
5, 7, 11
Let n = -6888 + 40793. What are the prime factors of n?
5, 6781
Let s(j) be the first derivative of -j**4/4 + 38*j**3/3 + 31*j**2/2 + 10*j - 190. List the prime factors of s(38).
2, 3, 11
Suppose -d - 27926 = -2*u, 17*u - 14*u - 2*d = 41892. What are the prime factors of u?
2, 5, 349
Suppose 16 = -3*u + 25. Suppose 5*q - u*q - 18 = -m, 5*m = 3*q + 25. Let h = 89 + m. What are the prime factors of h?
97
Let g(q) be the third derivative of 7*q**4/6 + 44*q**3/3 + 127*q**2 - 1. What are the prime factors of g(9)?
2, 5, 17
Let q be (48/11)/2 + 26/(-143). Suppose q*h = 5*r - 1229, -4*r = -7*r + 2*h + 739. List the prime factors of r.
5, 7
Suppose 7 = 4*a + m, 4 = 2*a - 3*m - 3. Let b(x) = 83*x - a - 2 - 73*x. What are the prime factors of b(6)?
2, 7
Let s(n) = 511*n**2 - 426*n - 1. What are the prime factors of s(8)?
3, 5, 7, 31
Suppose 4*z - 3*k = 51960, 167*z + 64953 = 172*z - 3*k. What are the prime factors of z?
3, 61, 71
Let v(j) = j**3 - j**2 - 3*j - 167. Let x be v(0). Let z = x + 344. What are the prime factors of z?
3, 59
Suppose -6*j = -7*j - 1. Let k(u) = 79*u**2 + 3*u + 1. Let f be k(j). Suppose -3*y + f = -55. List the prime factors of y.
2, 11
Suppose k - 752 - 719 = 0. List the prime factors of k.
1471
Suppose 27*u = -0*u + 12690. Suppose -348 = -2*r + u. What are the prime factors of r?
409
Let y(z) = -315*z - 1813. What are the prime factors of y(-24)?
7, 821
Let n be (21 - 28)*(1 - 122). Suppose 8*a - 2113 = n. List the prime factors of a.
2, 5, 37
Let x(u) = -28*u - 17. Let i(p) = -6*p + 18. Let a be i(5). Let t(l) = 70*l + 42. Let n(k) = a*x(k) - 5*t(k). What are the prime factors of n(-2)?
2, 11
List the prime factors of -12*-114*(-168)/(-32).
2, 3, 7, 19
Let f(a) = -20 - 4 - 675*a - 6 + 690*a. Let h be f(2). Suppose -4*r - 3*r + 77 = h. What are the prime factors of r?
11
Suppose 5*g - 2*x + 6*x - 60909 = 0, 3*g - 36525 = x. List the prime factors of g.
3, 11, 41
Let y be (48868/(-114))/((-2)/3). Let t = -256 + y. List the prime factors of t.
3, 43
Let h(a) = -a**3 - 3*a**2 + 17*a - 12. Let m be h(-6). What are the prime factors of (m + 12)*867/9?
2, 17
Let w = 48 + -44. Let h = 96 - 23. Let k = w + h. List the prime factors of k.
7, 11
Let k = 10 + -5. Let w be ((-1)/(-2))/((5/38)/k). What are the prime factors of 10*(-10)/(-25) + w*9?
5, 7
Let f = -114 + -295. Let k = -133 - f. What are the prime factors of k?
2, 3, 23
Let v(z) = -z**3 - 24*z**2 - 32*z - 60. What are the prime factors of v(-38)?
2, 3, 13, 137
Suppose 17 = 16*w - 17*w. Let m(s) = 4*s**2 - 18*s + 18. Let u(f) = 5*f**2 - 18*f + 17. Let g(i) = 6*m(i) - 5*u(i). List the prime factors of g(w).
2, 5
Let t(p) = 192*p + 5127. List the prime factors of t(36).
3, 4013
Suppose -4*z + 8766 = 3*k, -5*k - 130*z + 133*z + 14610 = 0. What are the prime factors of k?
2, 3, 487
What are the prime factors of (18/24*1 - 1716)*(-16)/6?
2, 2287
Let t = -23 - -26. Let r be 0 + (5/3 - (-1)/t). Suppose -v = -z + r*v + 71, -146 = -2*z + 5*v. List the prime factors of z.
83
Suppose -424*p + 39537 = -421*p. Suppose p = 23*c - 9453. List the prime factors of c.
2, 3, 41
Let n = 77 - -26418. List the prime factors of n.
5, 7, 757
Let n(l) = 8*l - 8*l + 60 + 17 - 12*l. Let g(q) = -3*q + 19. Let r(a) = 26*g(a) - 6*n(a). List the prime factors of r(4).
2
Suppose 548*f - 564*f = -416304. What are the prime factors of f?
3, 7, 59
Let q(t) be the second derivative of 17*t**3/3 - 75*t**2/2 + 109*t. List the prime factors of q(23).
7, 101
Let p(n) = -39*n**3 - 20 + 40*n**3 - 12*n**2 + 13*n + 0*n. Let m be p(11). Suppose -22 = 4*z + 3*q - 902, -m*z = -4*q - 440. What are the prime factors of z?
2, 5, 11
Let b(i) = i**3 + 5*i**2 - 4*i - 2. Let t be b(2). Let d be (-5)/(t/(-15) - -1). Let y = d + -16. What are the prime factors of y?
3
Suppose -54375*z = -54387*z + 113532. What are the prime factors of z?
9461
Let s = -274 - -3594. What are the prime factors of s?
2, 5, 83
Let u = -121 + 344. Let o(z) = -11*z**2 - 3*z + 4. Let d be o(3). Let h = u + d. List the prime factors of h.
7, 17
Suppose 4*x - 83 = -71. Suppose -2*j + x*k + 2366 = 0, -j + 5*j + 3*k = 4714. List the prime factors of j.
2, 5, 59
Let d(z) = -z - 20. Let l be d(-24). Suppose 0 = -i - l*s + 480, 1110 = 3*i - 2*s - 400. What are the prime factors of i?
2, 5
Suppose -8 = 2*r + 4*g, -r - 8 = -3*r + 4*g. Let d = 5 - r. Suppose 0 = -3*c + d*p + 14, -c + 2 = -0*c - 3*p. What are the prime factors of c?
2
Let g = -322 - -361. List the prime factors of (g + -38)/(2/2200).
2, 5, 11
Suppose -364248 = 95*d - 119*d. What are the prime factors of d?
3, 5059
Let g(i) = -7*i - 849. Let z be g(0). Let o = z - -1484. What are the prime factors of o?
5, 127
Let w = -8738 + 16590. List the prime factors of w.
2, 13, 151
Suppose -85*g = 77*g - 142*g - 69200. What are the prime factors of g?
2, 5, 173
Let r(w) = -64*w + 98. Let v be r(-31). Suppose -2*t - 1233 = -5*t - 3*k, 0 = 5*t - 4*k - v. What are the prime factors of t?
2, 3, 23
Suppose 24*n - 23*n - 5*k - 5459 = 0, -3*k - 5471 = -n. List the prime factors of n.
11, 499
Let j(n) = -1207*n - 143. What are the prime factors of j(-8)?
3, 7, 151
Let v = -85 + 90. Suppose v*r + 2*d = 3*d + 1550, 3*r + 2*d = 943. What are the prime factors of r?
311
Let c(x) = -17*x. Let g be c(-3). Let w = g + -41. Suppose -6*o = -w*o + 212. List the prime factors of o.
53
Let s = -31 - -17. Let p be (-196)/s - (-1 + 3). What are the prime factors of 65 - (p/4 - -2)?
2, 3, 5
Let l(s) = -11335*s**3 + 23*s**2 + 40*s + 5. List the prime factors of l(-2).
90697
Let h = 7984 + -5485. What are the prime factors of h?
3, 7, 17
Let q = 1024 - 656. Let f = -95 + q. What are the prime factors of f?
3, 7, 13
Let o(c) = -14*c**2 - 28. Let g(i) = -i - 1. Let q(y) = -g(y) - o(y). List the prime factors of q(-4).
3, 83
Let q(z) = -5*z + 29. Let n be q(5). Suppose n*o - 4 = -36. What are the prime factors of (-4 - o) + 80 + -5?
79
Suppose -20*j = -17*j - 1134. Let i = 310 + j. What are the prime factors of i?
2, 43
Let q = 6782 + 6634. List the prime factors of q.
2, 3, 13, 43
Let w be (-247)/(-91) - (-5)/((-70)/(-4)). Let p = w - -202. List the prime factors of p.
5, 41
Let k = 42116 + -27298. What are the prime factors of k?
2, 31, 239
Let l(j) = 14 + 0 + 5*j - 5 - j**3 + 4*j**2. Let x be l(6). Let c = x + 125. What are the prime factors of c?
2, 23
Suppose 40*o + 40*o - 753578 - 160342 = 0. List the prime factors of o.
2, 3, 7, 17
Suppose q + 3*q = 3*g - 4171, 0 = 2*g - q - 2774. Let h = g - 879. List the prime factors of h.
2, 11, 23
Suppose -35*v + 227710 = 35*v. What are the prime factors of v?
3253
Let v(m) = 58*m + 270. Let n be v(